{"id":1279,"date":"2024-06-30T15:40:50","date_gmt":"2024-06-30T12:40:50","guid":{"rendered":"https:\/\/www.istanbulkantar.com\/?page_id=1279"},"modified":"2024-06-30T19:00:20","modified_gmt":"2024-06-30T16:00:20","slug":"tir-kantari-servisi","status":"publish","type":"page","link":"https:\/\/www.istanbulkantar.com\/index.php\/tir-kantari-servisi","title":{"rendered":"T\u0131r Kantar\u0131 Servisi"},"content":{"rendered":"<header class=\"cmsmasters_project_header entry-header\">\n<h2 class=\"cmsmasters_project_title entry-title\"><a href=\"\/index.php\/hizmetlerimiz\/tir-kantari-servisi\">T\u0131r Kantar\u0131 Servisi<\/a>&nbsp;<\/h2>\n<\/header>\n<div class=\"project_content with_sidebar\">\n<div class=\"cmsmasters_project_content entry-content\">\n<div id=\"cmsmasters_row_zyd9mjs37s\" class=\"cmsmasters_row cmsmasters_color_scheme_default cmsmasters_row_top_default cmsmasters_row_bot_default cmsmasters_row_boxed\">\n<div class=\"cmsmasters_row_outer_parent\">\n<div class=\"cmsmasters_row_outer\">\n<div class=\"cmsmasters_row_inner\">\n<div class=\"cmsmasters_row_margin cmsmasters_11\">\n<div id=\"cmsmasters_column_901f4646bb\" class=\"cmsmasters_column one_first\">\n<div class=\"cmsmasters_column_inner\">\n<p><strong><a href=\"https:\/\/www.elitesistem.com\/\">Kantar Periyodik Bak\u0131m&nbsp;<\/a>&nbsp;<\/strong>ve Tart\u0131 aletleri&nbsp;<strong><a href=\"https:\/\/www.elitesistem.com\/\">periyodik<\/a>&nbsp;<\/strong>muayenelerinde, ilk 2 y\u0131ll\u0131k&nbsp;<strong><a href=\"https:\/\/www.elitesistem.com\/\">muayene<\/a>&nbsp;<\/strong>firmam\u0131z taraf\u0131ndan yap\u0131labilmekte, bu iki y\u0131l ge\u00e7tikten sonra her iki y\u0131lda bir ge\u00e7erli periyodik muayene&nbsp; TSE taraf\u0131ndan yap\u0131lmaktad\u0131r.<\/p>\n<div style=\"width: 315px\" class=\"wp-caption alignleft\"><img loading=\"lazy\" decoding=\"async\" class=\"full-width lazyloaded\" title=\"Bursa T\u0131r Kantar\u0131\" src=\"https:\/\/cdn-ikpjhcb.nitrocdn.com\/odfdjdoOrmcpPtSOByEnzJKNwMPHEpLj\/assets\/images\/optimized\/rev-6ac993c\/cdn.statically.io\/img\/www.elitesistem.com\/wp-content\/uploads\/2023\/12\/7d0a2fedbaddbbe191fd91f671db41d9.bursa-tir-kantari-1160x499.jpg\" sizes=\"(max-width: 1160px) 100vw, 1160px\" srcset=\"https:\/\/cdn-ikpjhcb.nitrocdn.com\/odfdjdoOrmcpPtSOByEnzJKNwMPHEpLj\/assets\/images\/optimized\/rev-6ac993c\/cdn.statically.io\/img\/www.elitesistem.com\/wp-content\/uploads\/2023\/12\/7d0a2fedbaddbbe191fd91f671db41d9.bursa-tir-kantari-1160x499.jpg 1160w, https:\/\/cdn-ikpjhcb.nitrocdn.com\/odfdjdoOrmcpPtSOByEnzJKNwMPHEpLj\/assets\/images\/optimized\/rev-6ac993c\/cdn.statically.io\/img\/www.elitesistem.com\/wp-content\/uploads\/2023\/12\/7d0a2fedbaddbbe191fd91f671db41d9.bursa-tir-kantari-300x129.jpg 300w, https:\/\/cdn-ikpjhcb.nitrocdn.com\/odfdjdoOrmcpPtSOByEnzJKNwMPHEpLj\/assets\/images\/optimized\/rev-6ac993c\/cdn.statically.io\/img\/www.elitesistem.com\/wp-content\/uploads\/2023\/12\/7d0a2fedbaddbbe191fd91f671db41d9.bursa-tir-kantari-1024x441.jpg 1024w, https:\/\/cdn-ikpjhcb.nitrocdn.com\/odfdjdoOrmcpPtSOByEnzJKNwMPHEpLj\/assets\/images\/optimized\/rev-6ac993c\/cdn.statically.io\/img\/www.elitesistem.com\/wp-content\/uploads\/2023\/12\/7d0a2fedbaddbbe191fd91f671db41d9.bursa-tir-kantari-768x330.jpg 768w, https:\/\/cdn-ikpjhcb.nitrocdn.com\/odfdjdoOrmcpPtSOByEnzJKNwMPHEpLj\/assets\/images\/optimized\/rev-6ac993c\/cdn.statically.io\/img\/www.elitesistem.com\/wp-content\/uploads\/2023\/12\/7d0a2fedbaddbbe191fd91f671db41d9.bursa-tir-kantari-580x250.jpg 580w, https:\/\/cdn-ikpjhcb.nitrocdn.com\/odfdjdoOrmcpPtSOByEnzJKNwMPHEpLj\/assets\/images\/optimized\/rev-6ac993c\/cdn.statically.io\/img\/www.elitesistem.com\/wp-content\/uploads\/2023\/12\/7d0a2fedbaddbbe191fd91f671db41d9.bursa-tir-kantari-860x370.jpg 860w, https:\/\/cdn-ikpjhcb.nitrocdn.com\/odfdjdoOrmcpPtSOByEnzJKNwMPHEpLj\/assets\/images\/optimized\/rev-6ac993c\/cdn.statically.io\/img\/www.elitesistem.com\/wp-content\/uploads\/2023\/12\/7d0a2fedbaddbbe191fd91f671db41d9.bursa-tir-kantari.jpg 1232w\" alt=\"T\u0131r Kantar\u0131 Servisi\" width=\"305\" height=\"131\" data-src=\"https:\/\/cdn-ikpjhcb.nitrocdn.com\/odfdjdoOrmcpPtSOByEnzJKNwMPHEpLj\/assets\/images\/optimized\/rev-6ac993c\/cdn.statically.io\/img\/www.elitesistem.com\/wp-content\/uploads\/2023\/12\/7d0a2fedbaddbbe191fd91f671db41d9.bursa-tir-kantari-1160x499.jpg\" data-srcset=\"https:\/\/cdn-ikpjhcb.nitrocdn.com\/odfdjdoOrmcpPtSOByEnzJKNwMPHEpLj\/assets\/images\/optimized\/rev-6ac993c\/cdn.statically.io\/img\/www.elitesistem.com\/wp-content\/uploads\/2023\/12\/7d0a2fedbaddbbe191fd91f671db41d9.bursa-tir-kantari-1160x499.jpg 1160w, https:\/\/cdn-ikpjhcb.nitrocdn.com\/odfdjdoOrmcpPtSOByEnzJKNwMPHEpLj\/assets\/images\/optimized\/rev-6ac993c\/cdn.statically.io\/img\/www.elitesistem.com\/wp-content\/uploads\/2023\/12\/7d0a2fedbaddbbe191fd91f671db41d9.bursa-tir-kantari-300x129.jpg 300w, https:\/\/cdn-ikpjhcb.nitrocdn.com\/odfdjdoOrmcpPtSOByEnzJKNwMPHEpLj\/assets\/images\/optimized\/rev-6ac993c\/cdn.statically.io\/img\/www.elitesistem.com\/wp-content\/uploads\/2023\/12\/7d0a2fedbaddbbe191fd91f671db41d9.bursa-tir-kantari-1024x441.jpg 1024w, https:\/\/cdn-ikpjhcb.nitrocdn.com\/odfdjdoOrmcpPtSOByEnzJKNwMPHEpLj\/assets\/images\/optimized\/rev-6ac993c\/cdn.statically.io\/img\/www.elitesistem.com\/wp-content\/uploads\/2023\/12\/7d0a2fedbaddbbe191fd91f671db41d9.bursa-tir-kantari-768x330.jpg 768w, https:\/\/cdn-ikpjhcb.nitrocdn.com\/odfdjdoOrmcpPtSOByEnzJKNwMPHEpLj\/assets\/images\/optimized\/rev-6ac993c\/cdn.statically.io\/img\/www.elitesistem.com\/wp-content\/uploads\/2023\/12\/7d0a2fedbaddbbe191fd91f671db41d9.bursa-tir-kantari-580x250.jpg 580w, https:\/\/cdn-ikpjhcb.nitrocdn.com\/odfdjdoOrmcpPtSOByEnzJKNwMPHEpLj\/assets\/images\/optimized\/rev-6ac993c\/cdn.statically.io\/img\/www.elitesistem.com\/wp-content\/uploads\/2023\/12\/7d0a2fedbaddbbe191fd91f671db41d9.bursa-tir-kantari-860x370.jpg 860w, https:\/\/cdn-ikpjhcb.nitrocdn.com\/odfdjdoOrmcpPtSOByEnzJKNwMPHEpLj\/assets\/images\/optimized\/rev-6ac993c\/cdn.statically.io\/img\/www.elitesistem.com\/wp-content\/uploads\/2023\/12\/7d0a2fedbaddbbe191fd91f671db41d9.bursa-tir-kantari.jpg 1232w\"><p class=\"wp-caption-text\">T\u0131r Kantar\u0131 Servisi<\/p><\/div>\n<p>Kantar ve tart\u0131 aletleri muayenelerine ili\u015fkin s\u0131k\u00e7a sorulan sorular ve ilgili cevaplar a\u015fa\u011f\u0131da yer almaktad\u0131r.<\/p>\n<p>&nbsp;<\/p>\n<p><a href=\"https:\/\/www.elitesistem.com\/wp-content\/uploads\/2024\/01\/Tir-Kantar.pdf\"><strong>T\u0131r Kantar\u0131<\/strong><\/a>&nbsp;Modelleri ve Katalog incelemek i\u00e7in t\u0131klay\u0131n\u0131z.<\/p>\n<p>&nbsp;<\/p>\n<h3 class=\"cmsmasters_project_title entry-title\"><a href=\"\/index.php\/hizmetlerimiz\/tir-kantari-servisi\">T\u0131r Kantar\u0131 Servisi<\/a> Nelere Dikkat Edilmeli ?<\/h3>\n<h3 class=\"cmsmasters_text\"><strong>\u0130ndikat\u00f6r de\u011fi\u015fimi sonras\u0131 \u00fcreticiler ilk muayene yapabilirler mi?<\/strong><\/h3>\n<p>\u0130lgili mevzuat gere\u011fi; tamir edilen veya yenisi ile de\u011fi\u015ftirilen \u00fcr\u00fcnler (\u00f6rne\u011fin \u00fcr\u00fcn\u00fcn kusurlu olmas\u0131 durumunda), orijinal performans\u0131, tip ve i\u015flevi etkilenmemek kayd\u0131 ile AB uyum mevzuat\u0131 kapsam\u0131nda yeni bir \u00fcr\u00fcn olarak kabul edilmemektedir. Dolay\u0131s\u0131yla indikat\u00f6r de\u011fi\u015fimi sonras\u0131 Tamir Ayar Sonras\u0131 \u0130lk Muayene ba\u015fvurusu yap\u0131lmas\u0131 gerekmektedir.<\/p>\n<h2><strong>TSE muayeneler i\u00e7in gerekli etalon ve ara\u00e7lara sahip midir?<\/strong><\/h2>\n<p>Gerekli ara\u00e7 (vin\u00e7li kamyon) ve t\u00fcm T\u00fcrkiye\u2019de muayeneleri ger\u00e7ekle\u015ftirecek miktarda etalonlar\u0131m\u0131z mevcuttur.<\/p>\n<h2><strong>Muayene planlamalar\u0131 nas\u0131l yap\u0131lacak? Taraf\u0131m\u0131za bilgi verilecek mi?<\/strong><\/h2>\n<p>\u015eubat ay\u0131 sonuna kadar ba\u015fvurular topland\u0131ktan sonra muayenelerle ilgili planlamalar ba\u015fvuran ki\u015filerle iritbat sa\u011flanarak yap\u0131lacakt\u0131r. Tamir ayar sonras\u0131 muayeneler i\u00e7in ge\u00e7ici damga yapmadan muayene yap\u0131lmas\u0131 i\u00e7in veya acil durumlar i\u00e7in&nbsp;<a href=\"mailto:kantarmuayene@tse.org.tr\">kantarmuayene@tse.org.tr<\/a>&nbsp;adresinden ve \u0130leti\u015fim k\u0131sm\u0131ndaki telefonlar\u0131m\u0131zdan ula\u015fabilirsiniz.<\/p>\n<h2><strong>TSE muayene \u00fccreti d\u0131\u015f\u0131nda ba\u015fka bir \u00fccret talep edecek mi?<\/strong><\/h2>\n<p>TSE muayene \u00fccreti d\u0131\u015f\u0131nda herhangi bir \u00fccret talep etmeyecektir.<\/p>\n<h2><strong>Eski uygulamada kantar kapasitesinin %20\u2019si kadar etalon ile muayene yap\u0131l\u0131yordu. Yine ayn\u0131 uygulama devam edecek mi?<\/strong><\/h2>\n<p>Y\u00f6netmelikte bulunan a\u015fa\u011f\u0131daki tabloda yer alan de\u011ferlere g\u00f6re yap\u0131lacakt\u0131r.<\/p>\n<table class=\"aligncenter\" border=\"1\" width=\"739\" cellspacing=\"0\" cellpadding=\"0\" align=\"center\">\n<tbody>\n<tr>\n<td><strong>Maksimum kapasite<\/strong><\/td>\n<td><strong>1.Y\u00fck De\u011feri<\/strong><\/td>\n<td><strong>2.Y\u00fck De\u011feri<\/strong><\/td>\n<td><strong>3.Y\u00fck De\u011feri<\/strong><\/td>\n<\/tr>\n<tr>\n<td>&nbsp;m \u226430.000 kg<\/td>\n<td>Minimum<\/td>\n<td>Maksimum\/2<\/td>\n<td>Maksimum<\/td>\n<\/tr>\n<tr>\n<td>30.000 kg &lt; m \u2264 60.000 kg<\/td>\n<td>Minimum<\/td>\n<td>0,4*Maksimum<\/td>\n<td>0,7*Maksimum<\/td>\n<\/tr>\n<tr>\n<td>60.000 kg &lt; m \u2264 80.000 kg<\/td>\n<td>Minimum<\/td>\n<td>0,4*Maksimum<\/td>\n<td>0,6*Maksimum<\/td>\n<\/tr>\n<tr>\n<td>80.000 kg &lt; m<\/td>\n<td>Minimum<\/td>\n<td>0,3*Maksimum<sup>a<\/sup><\/td>\n<td>0,5*Maksimum<sup>a<\/sup><\/td>\n<\/tr>\n<\/tbody>\n<\/table>\n<p><em>NOT:&nbsp;&nbsp;Maksimum<sup>a<\/sup>&nbsp;de\u011feri 100.000 kg olarak de\u011ferlendirilir.<\/em><\/p>\n<h2>&nbsp;<strong>Kantar muayenelerinde maksimum izin verilebilen hata de\u011ferleri nedir?<\/strong><\/h2>\n<p>Kantar muayenelerinde maksimum izin verilebilir hatalar a\u015fa\u011f\u0131daki tabloda&nbsp;verilen de\u011ferleri ge\u00e7memelidir.<\/p>\n<table class=\"aligncenter\" border=\"1\" width=\"900\" cellspacing=\"0\" cellpadding=\"0\" align=\"center\">\n<tbody>\n<tr>\n<td colspan=\"4\"><strong>Y\u00fck, (m),<\/strong><strong>muayene sabiti,&nbsp;<em>e<\/em>,&nbsp; cinsinden<\/strong><\/td>\n<td rowspan=\"2\"><strong>M<\/strong><strong>\u0130<\/strong><strong>H<\/strong><\/td>\n<\/tr>\n<tr>\n<td><strong>S\u0131n\u0131f&nbsp;<\/strong><strong>&nbsp;I<\/strong><\/td>\n<td><strong>S\u0131n\u0131f<\/strong><strong>&nbsp; II<\/strong><\/td>\n<td><strong>S\u0131n\u0131f<\/strong><strong>&nbsp; III<\/strong><\/td>\n<td><strong>S\u0131n\u0131f&nbsp; IV<\/strong><\/td>\n<\/tr>\n<tr>\n<td>0 \u2264 m \u2264 50 000&nbsp;<em>e<\/em><\/td>\n<td>0 \u2264 m \u2264 5 000&nbsp;<em>e<\/em><\/td>\n<td>0 \u2264 m \u2264 500&nbsp;<em>e<\/em><\/td>\n<td>0 \u2264 m \u2264 50&nbsp;<em>e<\/em><\/td>\n<td><strong>\u00b1 1&nbsp;<em>e<\/em><\/strong><\/td>\n<\/tr>\n<tr>\n<td>50 000 e &lt; m \u2264 200 000 e<\/td>\n<td>5 000&nbsp;<em>e<\/em>&nbsp;&lt; m \u2264 20 000&nbsp;<em>e<\/em><\/td>\n<td>500 e &lt; m \u2264 2 000 e<\/td>\n<td>50&nbsp;<em>e<\/em>&nbsp;&lt; m \u2264 200&nbsp;<em>e<\/em><\/td>\n<td><strong>\u00b1 2&nbsp;<em>e<\/em><\/strong><\/td>\n<\/tr>\n<tr>\n<td>200 000&nbsp;<em>e<\/em>&nbsp;&lt; m<\/td>\n<td>20 000&nbsp;<em>e<\/em>&nbsp;&lt; m \u2264 100 000&nbsp;<em>e<\/em><\/td>\n<td>2 000&nbsp;<em>e<\/em>&nbsp;&lt; m \u2264 10 000 e<\/td>\n<td>200&nbsp;<em>e<\/em>&nbsp;&lt; m \u2264 1 000&nbsp;<em>e<\/em><\/td>\n<td><strong>\u00b1 3&nbsp;<em>e<\/em><\/strong><\/td>\n<\/tr>\n<\/tbody>\n<\/table>\n<p><strong>TSE, m\u00fc\u015fterinin kantar\u0131 i\u00e7in periyodik muayeneye gitti, kantar muayeneden ge\u00e7emedi. Ayn\u0131 anda, e\u011fer m\u00fc\u015fteri Tamir Ayar Servisini haz\u0131r bulundurur ise, Tamir Ayar Servisine kantara m\u00fcdahale etme olana\u011f\u0131 sa\u011flanacak m\u0131? Bu esnada TSE\u2019nin etalon a\u011f\u0131rl\u0131klar\u0131 kullan\u0131labilecek mi?<\/strong><\/p>\n<p>TSE yetkililerince yap\u0131lan Periyodik Muayene sonucu uygunsuz \u00e7\u0131kmas\u0131 durumunda, \u00f6l\u00e7\u00fc aleti TSE yetkililerince m\u00fch\u00fcrlenir. Kullan\u0131c\u0131 yetkili tamir ayar servisine ba\u015fvurur. Uygunsuzluk giderildikten sonra&nbsp;<a href=\"https:\/\/basvuruportal.tse.org.tr\/\" target=\"_blank\" rel=\"noopener\">https:\/\/basvuruportal.tse.org.tr\/<\/a>&nbsp; adresinden veya e-devlet \u00fczerinden, tamir ayar servisinin d\u00fczenleyece\u011fi&nbsp;Damga S\u00f6kme\/Ge\u00e7ici Damgalama Tutana\u011f\u0131&nbsp;sisteme y\u00fcklenmek suretiyle ba\u015fvuruda bulunulur. Muayeneler belirli bir plan dahilinde yap\u0131laca\u011f\u0131 i\u00e7in muayene uzman\u0131n tamir\/ayar esnas\u0131nda beklemesi m\u00fcmk\u00fcn olmayacakt\u0131r. Bu t\u00fcr bir bekleme di\u011fer muayene planlar\u0131n\u0131n aksamas\u0131na sebep olacakt\u0131r.<\/p>\n<h2><strong>Tamir ayar sonras\u0131 muayeneleri nas\u0131l olacakt\u0131r?<\/strong><\/h2>\n<p>Tamir ve ayar i\u015fleminden sonra yap\u0131lacak ilk muayenelerde;<\/p>\n<p>\u2013 TSE\u2019nin etalon ve arac\u0131 ile, veya<\/p>\n<p>\u2013 Kullan\u0131c\u0131n\u0131n tamir ayar servisiyle tamir ayar hizmetleri ile etalonlar\u0131n muayenede kullan\u0131lmas\u0131 hususunda anla\u015fmas\u0131 ve servise ba\u015fvurarak tamir ayar ve muayene i\u015flemlerinin ayn\u0131 anda yap\u0131lmas\u0131n\u0131 talep etmesi halinde,&nbsp;<strong>ge\u00e7ici damga yap\u0131lmaks\u0131z\u0131n<\/strong>&nbsp;servis taraf\u0131ndan tamir ayar servisinin etalon ve imk\u00e2nlar\u0131 kullan\u0131larak yap\u0131labilir.&nbsp;Bu durumda muayene i\u015flemlerinde kullan\u0131lan etalon ve di\u011fer hizmetlerin \u00fccretleri i\u00e7in tamir ayar servisi, servisten ilave bir \u00fccret talep etmez. Servise kullan\u0131c\u0131 taraf\u0131ndan muayene \u00fccretinin %40\u2019\u0131 \u00f6denir.<\/p>\n<p><strong>Kantar muayeneden ge\u00e7emedi ve kapat\u0131ld\u0131. Kullan\u0131ma a\u00e7\u0131lan kantar i\u00e7in nereye m\u00fcracaat edilecek?<\/strong><\/p>\n<p>Kantar muayeneden ge\u00e7emezse, uygunsuzluk t\u00fcr\u00fcne g\u00f6re il m\u00fcd\u00fcrl\u00fc\u011f\u00fcn\u00fcn yerinde denetimi gerekmiyorsa tamir ayar i\u015flemi g\u00f6rd\u00fckten sonra 15 g\u00fcn i\u00e7erisinde&nbsp;&nbsp;<a href=\"https:\/\/basvuruportal.tse.org.tr\/\" target=\"_blank\" rel=\"noopener\">https:\/\/basvuruportal.tse.org.tr\/<\/a>&nbsp;veya e-devlet \u00fczerinden TSE\u2019ye ba\u015fvurulmas\u0131 gerekmektedir.<\/p>\n<h2><strong>Kantarlarda m\u00fch\u00fcrleme yap\u0131l\u0131rken, ayar k\u0131s\u0131mlar\u0131 ve tamir gerektiren k\u0131s\u0131mlar birlikte m\u00fch\u00fcrlenmektedir. Tamir ayar servisleri ayar gerektirmeyen ar\u0131zalarda bu m\u00fchr\u00fc bozmak zorunda kal\u0131yor. Ayar yap\u0131lmad\u0131\u011f\u0131 halde test yap\u0131lmas\u0131na gerek var m\u0131d\u0131r? Ayar yap\u0131lmad\u0131\u011f\u0131 halde y\u00fckl\u00fc test yap\u0131lmas\u0131na gerek var m\u0131d\u0131r?<\/strong><\/h2>\n<p>Ayar gerektirmeyen noktalarda m\u00fch\u00fcr varsa tip onaylar\u0131n\u0131n\/damga planlar\u0131n\u0131n hatal\u0131 \u015fekilde yap\u0131ld\u0131\u011f\u0131 anlam\u0131na gelmektedir. TSE taraf\u0131ndan i\u015flemler bu tip onay ve damga planlar\u0131na g\u00f6re yap\u0131laca\u011f\u0131 i\u00e7in tamir ayar sonras\u0131 ba\u015fvuru ile muayene yap\u0131lmas\u0131 gerekmektedir. Bu noktalar\u0131n ayar\u0131 etkilemedi\u011fi iddia ediliyorsa tip onay ve damga planlar\u0131n\u0131n de\u011fi\u015ftirilmeleri gerekmektedir. \u00dcretici firmalar Bakanl\u0131\u011fa ba\u015fvuru yapabilirler.<\/p>\n<h2><strong>Muayenelerde tip onay\u0131 ile ilgili kontroller yap\u0131lacak m\u0131? Uygunsuzluk durumunda nas\u0131l bir yol izlenecek?<\/strong><\/h2>\n<p>Muayenelerde tart\u0131 aletlerinin tip onay\u0131na uygunlu\u011fu kontrol edilecektir. Tip onay ve damga plan\u0131na uygun olmayan tart\u0131 aletleri i\u00e7in y\u00f6netmelikte tan\u0131mlanan \u015fekilde s\u00fcre\u00e7 i\u015fletilecektir.<\/p>\n<h2><strong>TSE\u2019nin kantar\u0131 kapatma hakk\u0131 var m\u0131? Yoksa \u0130l M\u00fcd\u00fcrl\u00fc\u011f\u00fc m\u00fc gelip kapatacak?<\/strong><\/h2>\n<p>Yap\u0131lan muayene sonucunda muayeneden ge\u00e7emeyen kantar\u0131 kontrole gelen TSE muayene eleman\u0131 damgalar\u0131n\u0131 iptal ederek kullan\u0131lmas\u0131n\u0131 m\u00fcmk\u00fcn k\u0131lmayacak \u015fekilde ba\u011flay\u0131p m\u00fch\u00fcrleyecektir.<\/p>\n<h2><strong>Damga S\u00f6kme Tutanaklar\u0131 ile ilgili olarak; Eski tutanaklara g\u00f6re mi i\u015flem yap\u0131lacak? (Eskiden 3 n\u00fcsha d\u00fczenleniyordu, 1 n\u00fcsha m\u00fc\u015fteriye, 1 n\u00fcsha Tamir Ayar Servisi, 1 n\u00fcsha il m\u00fcd\u00fcrl\u00fc\u011f\u00fcne veriliyordu) Yoksa yeni tutanak \u015fablonu tanzim edilecek mi?<\/strong><\/h2>\n<p>Damga S\u00f6kme\/Ge\u00e7ici Damgalama Tutana\u011f\u0131\u2019n\u0131n bakanl\u0131\u011f\u0131m\u0131z\u0131n web sayfas\u0131ndan indirilebilmektedir. (<a href=\"https:\/\/sanayi.gov.tr\/merkez-birimi\/524b6d480142\/diger\" target=\"_blank\" rel=\"noopener\">\u0130ndirmek i\u00e7in t\u0131klay\u0131n\u0131z.<\/a>) Tamir ayar sonras\u0131 ba\u015fvuru a\u015famas\u0131nda TSE ba\u015fvuru portal\u0131na y\u00fcklenmesi gerekmektedir<\/p>\n<h2><strong>Kantar\u0131n uygunsuz bulunmas\u0131 durumunda ceza yaz\u0131lacak, 30 g\u00fcn i\u00e7inde damgalanmas\u0131 gerekli, damgalanmaz ise Yeddiemin\u2019e devrediliyordu. Sanayi ve Teknoloji \u0130l M\u00fcd\u00fcrl\u00fc\u011f\u00fc \u0130cra M\u00fcd\u00fcrl\u00fc\u011f\u00fc\u2019ne yaz\u0131y\u0131 yaz\u0131yordu. Yeni uygulama nas\u0131l olacak?<\/strong><\/h2>\n<p>Sorumluluk Sanayi ve Teknoloji \u0130l M\u00fcd\u00fcrl\u00fc\u011f\u00fc\u2019ndedir.<\/p>\n<h2><strong>TSE personelinin kantar mahalline intikali nas\u0131l olacak?<\/strong><\/h2>\n<p>TSE personelleri kantar mahalline TSE ara\u00e7lar\u0131 ile intikal edecekler.<\/p>\n<h2><strong>Eskiden yerinde muayene gideri \u00fccreti yat\u0131r\u0131ld\u0131\u011f\u0131nda Sanayi \u0130l M\u00fcd\u00fcrl\u00fc\u011f\u00fc personeli kendi arac\u0131 ile geliyordu. \u0130l M\u00fcd\u00fcrl\u00fc\u011f\u00fcn\u00fcn ara\u00e7lar\u0131 yetmez ise Tamir Ayar Servisleri al\u0131yor, personel harc\u0131rah al\u0131yordu. Yeni uygulamada personel harc\u0131rah\u0131 ad\u0131 alt\u0131nda bir \u00fccret al\u0131nacak m\u0131?<\/strong><\/h2>\n<p>TSE muayene \u00fccreti d\u0131\u015f\u0131nda herhangi bir \u00fccret talep etmeyecektir.<\/p>\n<h2><strong>\u00dccretler&nbsp;<\/strong>2023<\/h2>\n<table width=\"997\">\n<tbody>\n<tr>\n<td colspan=\"2\" width=\"683\"><strong>\u00d6L\u00c7\u00dc ALETLER\u0130 MUAYENE VE DAMGALAMA \u00dcCRET \u00c7\u0130ZELGES\u0130<\/strong><\/td>\n<\/tr>\n<tr>\n<td colspan=\"2\" width=\"683\"><strong>AKARYAKIT HAC\u0130M \u00d6L\u00c7\u00dc KAPLARI<\/strong><\/td>\n<\/tr>\n<tr>\n<td width=\"472\">Hacmi 10 Litreye Kadar Olanlar (10 Litre Dahil)<\/td>\n<td width=\"211\">27 TL+KDV\/Adet<\/td>\n<\/tr>\n<tr>\n<td width=\"472\">Hacmi 20 Litre Olanlar<\/td>\n<td width=\"211\">43 TL+KDV\/Adet<\/td>\n<\/tr>\n<tr>\n<td width=\"472\">Hacmi 50 Litre- 100 Litre Olanlar (100 Litre Dahil)<\/td>\n<td width=\"211\">72 TL+KDV\/Adet<\/td>\n<\/tr>\n<tr>\n<td width=\"472\">Hacmi 100 Litreden Fazla Olanlar<\/td>\n<td width=\"211\">144 TL+KDV\/Adet<\/td>\n<\/tr>\n<tr>\n<td colspan=\"2\" width=\"683\"><strong>SU HAR\u0130C\u0130NDEK\u0130 SIVILARIN M\u0130KTARLARINI S\u00dcREKL\u0130 VE D\u0130NAM\u0130K \u00d6L\u00c7EN \u00d6L\u00c7ME S\u0130STEMLER\u0130\/SAYA\u00c7LARI (AKARYAKIT, LPG, ADBLUE, S\u00dcT VE D\u0130\u011eER \u00d6L\u00c7ME S\u0130STEMLER\u0130\/SAYA\u00c7LARI)<\/strong><\/td>\n<\/tr>\n<tr>\n<td width=\"472\">Maksimum Ak\u0131\u015f Kapasitesi 130 litre\/dk veya 100 kg\/dk\u2019a Kadar Olan (130 litre\/dk ve 100 kg\/dk Dahil)<\/td>\n<td width=\"211\">225 TL+KDV\/Adet<\/td>\n<\/tr>\n<tr>\n<td width=\"472\">Maksimum Ak\u0131\u015f Kapasitesi 750 litre\/dk veya 550 kg\/dk\u2019a Kadar Olan (750 litre\/dk, 550 kg\/dk Dahil)<\/td>\n<td width=\"211\">355 TL+KDV\/ Adet<\/td>\n<\/tr>\n<tr>\n<td width=\"472\">Maksimum Ak\u0131\u015f Kapasitesi 750 litre\/dk veya 550 kg\/dk\u2019dan B\u00fcy\u00fck Olanlar<\/td>\n<td width=\"211\">675 TL+KDV\/ Adet<\/td>\n<\/tr>\n<tr>\n<td width=\"472\"><strong>HAREKET HAL\u0130NDE BULUNAN YOL ARA\u00c7LARI \u0130\u00c7\u0130N OTOMAT\u0130K TARTI ALETLER\u0130 (AKS KANTARLARI)<\/strong><\/td>\n<td width=\"211\">2.645 TL+KDV\/Adet<\/td>\n<\/tr>\n<tr>\n<td width=\"472\"><strong>Y\u00dcK VE SARNI\u00c7LI VAGONLARI<\/strong><\/td>\n<td width=\"211\">67 TL+KDV\/Adet<\/td>\n<\/tr>\n<tr>\n<td colspan=\"2\" width=\"683\">&nbsp;<\/td>\n<\/tr>\n<tr>\n<td width=\"472\"><strong>MOTORLU TA\u015eIT LAST\u0130KLER\u0130N\u0130N HAVA BASINCI \u00d6L\u00c7\u00dcM\u00dcNDE KULLANILAN C\u0130HAZLAR<\/strong><\/td>\n<td width=\"211\">60 TL+KDV\/Adet<\/td>\n<\/tr>\n<tr>\n<td width=\"472\"><strong>SIKI\u015eTIRILMI\u015e VE SIVILA\u015eTIRILMI\u015e DO\u011eAL GAZ SAYA\u00c7LARI (CNG)<\/strong><\/td>\n<td width=\"211\">355 TL+KDV\/Adet<\/td>\n<\/tr>\n<tr>\n<td colspan=\"2\" width=\"683\"><strong>OTOMAT\u0130K OLMAYAN TARTI ALETLER\u0130<\/strong><\/td>\n<\/tr>\n<tr>\n<td width=\"472\">Maksimum Kapasitesi 2.000-12.000 kg Aras\u0131nda Olanlar (12.000 kg D\u00e2hil)<\/td>\n<td width=\"211\">2.098 TL+KDV\/Adet<\/td>\n<\/tr>\n<tr>\n<td width=\"472\">Maksimum Kapasitesi 12.000-30.000 kg Aras\u0131 Olanlar (30.000 kg D\u00e2hil)<\/td>\n<td width=\"211\">2.645 TL+KDV\/Adet<\/td>\n<\/tr>\n<tr>\n<td width=\"472\">Maksimum Kapasitesi 30.000-80.000 kg Aras\u0131 Olanlar (80.000 kg D\u00e2hil)<\/td>\n<td width=\"211\">3.801 TL+KDV\/Adet<\/td>\n<\/tr>\n<tr>\n<td width=\"472\">Maksimum Kapasitesi 80.000 kg \u00dczerinde Olanlar<\/td>\n<td width=\"211\">4.743 TL+KDV\/Adet<\/td>\n<\/tr>\n<tr>\n<td colspan=\"2\" width=\"683\"><strong>HASSAS K\u00dcTLE \u00d6L\u00c7\u00dcLER\u0130<\/strong><\/td>\n<\/tr>\n<tr>\n<td width=\"472\">M1 S\u0131n\u0131f\u0131- 50 kg Olanlar<\/td>\n<td width=\"211\">26 TL+KDV\/Adet<\/td>\n<\/tr>\n<tr>\n<td width=\"472\">M1 S\u0131n\u0131f\u0131- 500 kg Olanlar<\/td>\n<td width=\"211\">63 TL+KDV\/Adet<\/td>\n<\/tr>\n<tr>\n<td width=\"472\">K\u00fctle Setleri (B\u00fct\u00fcn S\u0131n\u0131flar \u0130\u00e7in) (Not 2)<\/td>\n<td width=\"211\">271 TL+KDV\/Adet<\/td>\n<\/tr>\n<tr>\n<td colspan=\"2\" width=\"683\">Not 1: K\u00fctle setlerinin muayene m\u00fcracaat\u0131 set i\u00e7indeki k\u00fctleler i\u00e7in ayr\u0131 ayr\u0131 yap\u0131lamaz.<\/td>\n<\/tr>\n<tr>\n<td colspan=\"2\" width=\"683\">Not 2: Di\u011fer \u00f6l\u00e7\u00fc aletleri muayene \u00fccretleri \u00d6l\u00e7\u00fc ve \u00d6l\u00e7\u00fc Aletlerinden Al\u0131nacak Muayene ve Damgalama \u00dccret Y\u00f6netmeli\u011fi\u2019nde De\u011fi\u015fiklik Yap\u0131lmas\u0131na Dair Y\u00f6netmelik\u2019ten g\u00f6r\u00fclebilir.<\/td>\n<\/tr>\n<\/tbody>\n<\/table>\n<p>&nbsp;<\/p>\n<\/div>\n<\/div>\n<\/div>\n<\/div>\n<\/div>\n<\/div>\n<\/div>\n<\/div>\n<\/div>\n","protected":false},"excerpt":{"rendered":"<p>T\u0131r Kantar\u0131 Servisi&nbsp; Kantar Periyodik Bak\u0131m&nbsp;&nbsp;ve Tart\u0131 aletleri&nbsp;periyodik&nbsp;muayenelerinde, ilk 2 y\u0131ll\u0131k&nbsp;muayene&nbsp;firmam\u0131z taraf\u0131ndan yap\u0131labilmekte, bu iki y\u0131l ge\u00e7tikten sonra her iki y\u0131lda bir ge\u00e7erli periyodik muayene&nbsp; TSE taraf\u0131ndan yap\u0131lmaktad\u0131r. Kantar ve tart\u0131 aletleri muayenelerine ili\u015fkin s\u0131k\u00e7a sorulan sorular ve ilgili cevaplar a\u015fa\u011f\u0131da yer almaktad\u0131r. &nbsp; T\u0131r Kantar\u0131&nbsp;Modelleri ve Katalog incelemek i\u00e7in t\u0131klay\u0131n\u0131z. &nbsp; T\u0131r Kantar\u0131 Servisi [&hellip;]<\/p>\n","protected":false},"author":1,"featured_media":0,"parent":0,"menu_order":0,"comment_status":"closed","ping_status":"closed","template":"","meta":{"ngg_post_thumbnail":0,"footnotes":""},"_links":{"self":[{"href":"https:\/\/www.istanbulkantar.com\/index.php\/wp-json\/wp\/v2\/pages\/1279"}],"collection":[{"href":"https:\/\/www.istanbulkantar.com\/index.php\/wp-json\/wp\/v2\/pages"}],"about":[{"href":"https:\/\/www.istanbulkantar.com\/index.php\/wp-json\/wp\/v2\/types\/page"}],"author":[{"embeddable":true,"href":"https:\/\/www.istanbulkantar.com\/index.php\/wp-json\/wp\/v2\/users\/1"}],"replies":[{"embeddable":true,"href":"https:\/\/www.istanbulkantar.com\/index.php\/wp-json\/wp\/v2\/comments?post=1279"}],"version-history":[{"count":3,"href":"https:\/\/www.istanbulkantar.com\/index.php\/wp-json\/wp\/v2\/pages\/1279\/revisions"}],"predecessor-version":[{"id":1532,"href":"https:\/\/www.istanbulkantar.com\/index.php\/wp-json\/wp\/v2\/pages\/1279\/revisions\/1532"}],"wp:attachment":[{"href":"https:\/\/www.istanbulkantar.com\/index.php\/wp-json\/wp\/v2\/media?parent=1279"}],"curies":[{"name":"wp","href":"https:\/\/api.w.org\/{rel}","templated":true}]}}