{"id":1275,"date":"2024-06-30T15:39:53","date_gmt":"2024-06-30T12:39:53","guid":{"rendered":"https:\/\/www.istanbulkantar.com\/?page_id=1275"},"modified":"2024-07-24T01:03:31","modified_gmt":"2024-07-23T22:03:31","slug":"operatorsuz-tir-kantari","status":"publish","type":"page","link":"https:\/\/www.istanbulkantar.com\/index.php\/operatorsuz-tir-kantari","title":{"rendered":"Operat\u00f6rs\u00fcz T\u0131r Kantar\u0131"},"content":{"rendered":"<div class=\"cmsmasters_text\">ngg_shortcode_0_placeholder<\/p>\n<hr>\n<header class=\"cmsmasters_project_header entry-header\">\n<h2 class=\"cmsmasters_project_title entry-title\"><a href=\"https:\/\/www.elitesistem.com\/index.php\/project\/operatorsuz-kantar-sistemi\">Operat\u00f6rs\u00fcz T\u0131r Kantar\u0131<\/a> Sistemi<\/h2>\n<\/header>\n<div class=\"project_content with_sidebar\">\n<div id=\"cmsmasters_owl_slider_665cc5378bb9c\" class=\"cmsmasters_owl_slider owl-carousel owl-theme\" style=\"box-sizing: border-box; background: transparent; border: 0px; margin: 0px 0px 24px; padding: 0px; vertical-align: baseline; outline: none; text-align: left; width: 812px; position: relative; display: block; opacity: 1;\" data-pagination=\"true\" data-navigation=\"false\" data-navigation-prev=\"<span>\n<p><\/span>&#8221; data-navigation-next=&#8221;<span><\/span>&#8220;><\/p>\n<div class=\"owl-wrapper-outer autoHeight\">\n<div class=\"owl-wrapper\">\n<div class=\"owl-item\">\n<div class=\"cmsmasters_owl_slider_item\">\n<figure>\n<p><div style=\"width: 1170px\" class=\"wp-caption aligncenter\"><img loading=\"lazy\" decoding=\"async\" class=\"full-width lazyloaded\" title=\"Operat\u00f6rs\u00fcz Kantar Otomasyonu\" src=\"https:\/\/cdn-ikpjhcb.nitrocdn.com\/odfdjdoOrmcpPtSOByEnzJKNwMPHEpLj\/assets\/images\/optimized\/rev-6ac993c\/cdn.statically.io\/img\/www.elitesistem.com\/wp-content\/uploads\/2023\/12\/7d0a2fedbaddbbe191fd91f671db41d9.akilli-operatorsuz-kantar-sistemi-2024-3-1160x499.jpg\" sizes=\"(max-width: 1160px) 100vw, 1160px\" srcset=\"https:\/\/cdn-ikpjhcb.nitrocdn.com\/odfdjdoOrmcpPtSOByEnzJKNwMPHEpLj\/assets\/images\/optimized\/rev-6ac993c\/cdn.statically.io\/img\/www.elitesistem.com\/wp-content\/uploads\/2023\/12\/7d0a2fedbaddbbe191fd91f671db41d9.akilli-operatorsuz-kantar-sistemi-2024-3-1160x499.jpg 1160w, https:\/\/cdn-ikpjhcb.nitrocdn.com\/odfdjdoOrmcpPtSOByEnzJKNwMPHEpLj\/assets\/images\/optimized\/rev-6ac993c\/cdn.statically.io\/img\/www.elitesistem.com\/wp-content\/uploads\/2023\/12\/7d0a2fedbaddbbe191fd91f671db41d9.akilli-operatorsuz-kantar-sistemi-2024-3-300x129.jpg 300w, https:\/\/cdn-ikpjhcb.nitrocdn.com\/odfdjdoOrmcpPtSOByEnzJKNwMPHEpLj\/assets\/images\/optimized\/rev-6ac993c\/cdn.statically.io\/img\/www.elitesistem.com\/wp-content\/uploads\/2023\/12\/7d0a2fedbaddbbe191fd91f671db41d9.akilli-operatorsuz-kantar-sistemi-2024-3-1024x441.jpg 1024w, https:\/\/cdn-ikpjhcb.nitrocdn.com\/odfdjdoOrmcpPtSOByEnzJKNwMPHEpLj\/assets\/images\/optimized\/rev-6ac993c\/cdn.statically.io\/img\/www.elitesistem.com\/wp-content\/uploads\/2023\/12\/7d0a2fedbaddbbe191fd91f671db41d9.akilli-operatorsuz-kantar-sistemi-2024-3-768x330.jpg 768w, https:\/\/cdn-ikpjhcb.nitrocdn.com\/odfdjdoOrmcpPtSOByEnzJKNwMPHEpLj\/assets\/images\/optimized\/rev-6ac993c\/cdn.statically.io\/img\/www.elitesistem.com\/wp-content\/uploads\/2023\/12\/7d0a2fedbaddbbe191fd91f671db41d9.akilli-operatorsuz-kantar-sistemi-2024-3-580x250.jpg 580w, https:\/\/cdn-ikpjhcb.nitrocdn.com\/odfdjdoOrmcpPtSOByEnzJKNwMPHEpLj\/assets\/images\/optimized\/rev-6ac993c\/cdn.statically.io\/img\/www.elitesistem.com\/wp-content\/uploads\/2023\/12\/7d0a2fedbaddbbe191fd91f671db41d9.akilli-operatorsuz-kantar-sistemi-2024-3-860x370.jpg 860w, https:\/\/cdn-ikpjhcb.nitrocdn.com\/odfdjdoOrmcpPtSOByEnzJKNwMPHEpLj\/assets\/images\/optimized\/rev-6ac993c\/cdn.statically.io\/img\/www.elitesistem.com\/wp-content\/uploads\/2023\/12\/7d0a2fedbaddbbe191fd91f671db41d9.akilli-operatorsuz-kantar-sistemi-2024-3.jpg 1232w\" alt=\"Operat\u00f6rs\u00fcz T\u0131r Kantar\u0131\" width=\"1160\" height=\"499\" data-src=\"https:\/\/cdn-ikpjhcb.nitrocdn.com\/odfdjdoOrmcpPtSOByEnzJKNwMPHEpLj\/assets\/images\/optimized\/rev-6ac993c\/cdn.statically.io\/img\/www.elitesistem.com\/wp-content\/uploads\/2023\/12\/7d0a2fedbaddbbe191fd91f671db41d9.akilli-operatorsuz-kantar-sistemi-2024-3-1160x499.jpg\" data-srcset=\"https:\/\/cdn-ikpjhcb.nitrocdn.com\/odfdjdoOrmcpPtSOByEnzJKNwMPHEpLj\/assets\/images\/optimized\/rev-6ac993c\/cdn.statically.io\/img\/www.elitesistem.com\/wp-content\/uploads\/2023\/12\/7d0a2fedbaddbbe191fd91f671db41d9.akilli-operatorsuz-kantar-sistemi-2024-3-1160x499.jpg 1160w, https:\/\/cdn-ikpjhcb.nitrocdn.com\/odfdjdoOrmcpPtSOByEnzJKNwMPHEpLj\/assets\/images\/optimized\/rev-6ac993c\/cdn.statically.io\/img\/www.elitesistem.com\/wp-content\/uploads\/2023\/12\/7d0a2fedbaddbbe191fd91f671db41d9.akilli-operatorsuz-kantar-sistemi-2024-3-300x129.jpg 300w, https:\/\/cdn-ikpjhcb.nitrocdn.com\/odfdjdoOrmcpPtSOByEnzJKNwMPHEpLj\/assets\/images\/optimized\/rev-6ac993c\/cdn.statically.io\/img\/www.elitesistem.com\/wp-content\/uploads\/2023\/12\/7d0a2fedbaddbbe191fd91f671db41d9.akilli-operatorsuz-kantar-sistemi-2024-3-1024x441.jpg 1024w, https:\/\/cdn-ikpjhcb.nitrocdn.com\/odfdjdoOrmcpPtSOByEnzJKNwMPHEpLj\/assets\/images\/optimized\/rev-6ac993c\/cdn.statically.io\/img\/www.elitesistem.com\/wp-content\/uploads\/2023\/12\/7d0a2fedbaddbbe191fd91f671db41d9.akilli-operatorsuz-kantar-sistemi-2024-3-768x330.jpg 768w, https:\/\/cdn-ikpjhcb.nitrocdn.com\/odfdjdoOrmcpPtSOByEnzJKNwMPHEpLj\/assets\/images\/optimized\/rev-6ac993c\/cdn.statically.io\/img\/www.elitesistem.com\/wp-content\/uploads\/2023\/12\/7d0a2fedbaddbbe191fd91f671db41d9.akilli-operatorsuz-kantar-sistemi-2024-3-580x250.jpg 580w, https:\/\/cdn-ikpjhcb.nitrocdn.com\/odfdjdoOrmcpPtSOByEnzJKNwMPHEpLj\/assets\/images\/optimized\/rev-6ac993c\/cdn.statically.io\/img\/www.elitesistem.com\/wp-content\/uploads\/2023\/12\/7d0a2fedbaddbbe191fd91f671db41d9.akilli-operatorsuz-kantar-sistemi-2024-3-860x370.jpg 860w, https:\/\/cdn-ikpjhcb.nitrocdn.com\/odfdjdoOrmcpPtSOByEnzJKNwMPHEpLj\/assets\/images\/optimized\/rev-6ac993c\/cdn.statically.io\/img\/www.elitesistem.com\/wp-content\/uploads\/2023\/12\/7d0a2fedbaddbbe191fd91f671db41d9.akilli-operatorsuz-kantar-sistemi-2024-3.jpg 1232w\"><p class=\"wp-caption-text\">Operat\u00f6rs\u00fcz T\u0131r Kantar\u0131<\/p><\/div><\/figure>\n<\/div>\n<\/div>\n<\/div>\n<\/div>\n<\/div>\n<div class=\"cmsmasters_project_content entry-content\">\n<div id=\"cmsmasters_row_zyd9mjs37s\" class=\"cmsmasters_row cmsmasters_color_scheme_default cmsmasters_row_top_default cmsmasters_row_bot_default cmsmasters_row_boxed\">\n<div class=\"cmsmasters_row_outer_parent\">\n<div class=\"cmsmasters_row_outer\">\n<div class=\"cmsmasters_row_inner\">\n<div class=\"cmsmasters_row_margin cmsmasters_11\">\n<div id=\"cmsmasters_column_901f4646bb\" class=\"cmsmasters_column one_first\">\n<div class=\"cmsmasters_column_inner\">\n<div class=\"cmsmasters_text\">\n<p><strong>Operat\u00f6rs\u00fcz Kantar Sistemi \u0130le Personel Maliyetinden Kurtulabilir, Hatas\u0131z Tart\u0131mlar Yapabilirsiniz.<\/strong><\/p>\n<\/div>\n<div class=\"cmsmasters_text\">\n<h2>Operat\u00f6rs\u00fcz Kantar Sistemi<\/h2>\n<figure id=\"attachment_14841\" class=\"wp-caption alignleft\" aria-describedby=\"caption-attachment-14841\"><img loading=\"lazy\" decoding=\"async\" class=\"wp-image-14841 size-medium lazyloaded\" src=\"https:\/\/cdn-ikpjhcb.nitrocdn.com\/odfdjdoOrmcpPtSOByEnzJKNwMPHEpLj\/assets\/images\/optimized\/rev-6ac993c\/cdn.statically.io\/img\/www.elitesistem.com\/wp-content\/uploads\/2023\/12\/7d0a2fedbaddbbe191fd91f671db41d9.12-metre-kantar2-300x200.webp\" sizes=\"(max-width: 300px) 100vw, 300px\" srcset=\"https:\/\/cdn-ikpjhcb.nitrocdn.com\/odfdjdoOrmcpPtSOByEnzJKNwMPHEpLj\/assets\/images\/optimized\/rev-6ac993c\/cdn.statically.io\/img\/www.elitesistem.com\/wp-content\/uploads\/2023\/12\/7d0a2fedbaddbbe191fd91f671db41d9.12-metre-kantar2-300x200.webp 300w, https:\/\/cdn-ikpjhcb.nitrocdn.com\/odfdjdoOrmcpPtSOByEnzJKNwMPHEpLj\/assets\/images\/optimized\/rev-6ac993c\/cdn.statically.io\/img\/www.elitesistem.com\/wp-content\/uploads\/2023\/12\/7d0a2fedbaddbbe191fd91f671db41d9.12-metre-kantar2-1024x683.webp 1024w, https:\/\/cdn-ikpjhcb.nitrocdn.com\/odfdjdoOrmcpPtSOByEnzJKNwMPHEpLj\/assets\/images\/optimized\/rev-6ac993c\/cdn.statically.io\/img\/www.elitesistem.com\/wp-content\/uploads\/2023\/12\/7d0a2fedbaddbbe191fd91f671db41d9.12-metre-kantar2-768x512.webp 768w, https:\/\/cdn-ikpjhcb.nitrocdn.com\/odfdjdoOrmcpPtSOByEnzJKNwMPHEpLj\/assets\/images\/optimized\/rev-6ac993c\/cdn.statically.io\/img\/www.elitesistem.com\/wp-content\/uploads\/2023\/12\/7d0a2fedbaddbbe191fd91f671db41d9.12-metre-kantar2-580x387.webp 580w, https:\/\/cdn-ikpjhcb.nitrocdn.com\/odfdjdoOrmcpPtSOByEnzJKNwMPHEpLj\/assets\/images\/optimized\/rev-6ac993c\/cdn.statically.io\/img\/www.elitesistem.com\/wp-content\/uploads\/2023\/12\/7d0a2fedbaddbbe191fd91f671db41d9.12-metre-kantar2-860x573.webp 860w, https:\/\/cdn-ikpjhcb.nitrocdn.com\/odfdjdoOrmcpPtSOByEnzJKNwMPHEpLj\/assets\/images\/optimized\/rev-6ac993c\/cdn.statically.io\/img\/www.elitesistem.com\/wp-content\/uploads\/2023\/12\/7d0a2fedbaddbbe191fd91f671db41d9.12-metre-kantar2-1160x773.webp 1160w, https:\/\/cdn-ikpjhcb.nitrocdn.com\/odfdjdoOrmcpPtSOByEnzJKNwMPHEpLj\/assets\/images\/optimized\/rev-6ac993c\/cdn.statically.io\/img\/www.elitesistem.com\/wp-content\/uploads\/2023\/12\/7d0a2fedbaddbbe191fd91f671db41d9.12-metre-kantar2.webp 1500w\" alt=\"Operat\u00f6rs\u00fcz Kantar Sistemi\" width=\"300\" height=\"200\" data-src=\"https:\/\/cdn-ikpjhcb.nitrocdn.com\/odfdjdoOrmcpPtSOByEnzJKNwMPHEpLj\/assets\/images\/optimized\/rev-6ac993c\/cdn.statically.io\/img\/www.elitesistem.com\/wp-content\/uploads\/2023\/12\/7d0a2fedbaddbbe191fd91f671db41d9.12-metre-kantar2-300x200.webp\" data-srcset=\"https:\/\/cdn-ikpjhcb.nitrocdn.com\/odfdjdoOrmcpPtSOByEnzJKNwMPHEpLj\/assets\/images\/optimized\/rev-6ac993c\/cdn.statically.io\/img\/www.elitesistem.com\/wp-content\/uploads\/2023\/12\/7d0a2fedbaddbbe191fd91f671db41d9.12-metre-kantar2-300x200.webp 300w, https:\/\/cdn-ikpjhcb.nitrocdn.com\/odfdjdoOrmcpPtSOByEnzJKNwMPHEpLj\/assets\/images\/optimized\/rev-6ac993c\/cdn.statically.io\/img\/www.elitesistem.com\/wp-content\/uploads\/2023\/12\/7d0a2fedbaddbbe191fd91f671db41d9.12-metre-kantar2-1024x683.webp 1024w, https:\/\/cdn-ikpjhcb.nitrocdn.com\/odfdjdoOrmcpPtSOByEnzJKNwMPHEpLj\/assets\/images\/optimized\/rev-6ac993c\/cdn.statically.io\/img\/www.elitesistem.com\/wp-content\/uploads\/2023\/12\/7d0a2fedbaddbbe191fd91f671db41d9.12-metre-kantar2-768x512.webp 768w, https:\/\/cdn-ikpjhcb.nitrocdn.com\/odfdjdoOrmcpPtSOByEnzJKNwMPHEpLj\/assets\/images\/optimized\/rev-6ac993c\/cdn.statically.io\/img\/www.elitesistem.com\/wp-content\/uploads\/2023\/12\/7d0a2fedbaddbbe191fd91f671db41d9.12-metre-kantar2-580x387.webp 580w, https:\/\/cdn-ikpjhcb.nitrocdn.com\/odfdjdoOrmcpPtSOByEnzJKNwMPHEpLj\/assets\/images\/optimized\/rev-6ac993c\/cdn.statically.io\/img\/www.elitesistem.com\/wp-content\/uploads\/2023\/12\/7d0a2fedbaddbbe191fd91f671db41d9.12-metre-kantar2-860x573.webp 860w, https:\/\/cdn-ikpjhcb.nitrocdn.com\/odfdjdoOrmcpPtSOByEnzJKNwMPHEpLj\/assets\/images\/optimized\/rev-6ac993c\/cdn.statically.io\/img\/www.elitesistem.com\/wp-content\/uploads\/2023\/12\/7d0a2fedbaddbbe191fd91f671db41d9.12-metre-kantar2-1160x773.webp 1160w, https:\/\/cdn-ikpjhcb.nitrocdn.com\/odfdjdoOrmcpPtSOByEnzJKNwMPHEpLj\/assets\/images\/optimized\/rev-6ac993c\/cdn.statically.io\/img\/www.elitesistem.com\/wp-content\/uploads\/2023\/12\/7d0a2fedbaddbbe191fd91f671db41d9.12-metre-kantar2.webp 1500w\"><figcaption id=\"caption-attachment-14841\" class=\"wp-caption-text\">Operat\u00f6rs\u00fcz Kantar Sistemi<\/figcaption><\/figure>\n<p>Tart\u0131m i\u015flemlerinizi kolayla\u015ft\u0131rmak ve insan m\u00fcdahalesi ihtiyac\u0131n\u0131 en aza indirmek i\u00e7in tasarlanm\u0131\u015f, teknoloji \u00fcr\u00fcn\u00fc operat\u00f6rs\u00fcz tart\u0131m sistemimizle tan\u0131\u015f\u0131n. Kantar sistemimiz \u00f6z\u00fcnde, \u00fcr\u00fcnlerinizi ve mallar\u0131n\u0131z\u0131 kolayl\u0131kla ve do\u011fru \u015fekilde tartman\u0131za olanak tan\u0131yan geli\u015fmi\u015f bir kantar \u00e7\u00f6z\u00fcmd\u00fcr.<\/p>\n<p>G\u00f6zetimsiz kantar sistemi, palet tart\u0131m\u0131 ve kamyon tart\u0131m\u0131 dahil olmak \u00fczere \u00e7ok \u00e7e\u015fitli end\u00fcstriyel tart\u0131m ihtiya\u00e7lar\u0131na uyacak \u015fekilde tasarlanm\u0131\u015ft\u0131r. \u00c7e\u015fitli end\u00fcstriyel ortamlarda kurulabilen, size do\u011fru, h\u0131zl\u0131 ve son derece g\u00fcvenilir bir tart\u0131m \u00e7\u00f6z\u00fcm\u00fc sa\u011flayan \u00e7ok y\u00f6nl\u00fc bir&nbsp;<strong><a href=\"https:\/\/www.elitesistem.com\/index.php\/project\/operatorsuz-kantar-sistemi\">kantar yaz\u0131l\u0131m\u0131<\/a><\/strong>&nbsp;d\u0131r.<\/p>\n<p>Sistemimiz kullan\u0131m\u0131 son derece kolay olacak \u015fekilde tasarlanm\u0131\u015ft\u0131r ve bu sistem uyguland\u0131\u011f\u0131nda operasyonlar\u0131n\u0131z\u0131n \u00e7ok daha verimli ve \u00fcretken olaca\u011f\u0131ndan emin olabilirsiniz. Otomatik yap\u0131s\u0131, tart\u0131m i\u015flemini ba\u011f\u0131ms\u0131z olarak ger\u00e7ekle\u015ftirebilece\u011fi ve operat\u00f6r m\u00fcdahalesine gerek kalmadan verileri ger\u00e7ek zamanl\u0131 olarak iletebilece\u011fi anlam\u0131na gelir anl\u0131k olarak&nbsp;<strong><a href=\"https:\/\/onlinekantar.net\/\" target=\"_blank\" rel=\"noopener\">online kantar<\/a><\/strong>&nbsp;adresinden ula\u015fabilirsiniz.<\/p>\n<p><strong><a href=\"https:\/\/www.elitesistem.com\/index.php\/project\/operatorsuz-kantar-sistemi\">G\u00f6zetimsiz kantar sistemi<\/a><\/strong>&nbsp;son derece otonom bir \u00e7\u00f6z\u00fcmd\u00fcr; bu, insan g\u00f6zetimine gerek kalmadan do\u011fru \u00f6l\u00e7\u00fcmler yapaca\u011f\u0131na g\u00fcvenilebilece\u011fi anlam\u0131na gelir. Mallar\u0131n\u0131z\u0131 ve \u00fcr\u00fcnlerinizi hassas ve h\u0131zl\u0131 bir \u015fekilde tartman\u0131n sa\u011flam, h\u0131zl\u0131 ve kusursuz bir y\u00f6ntemi oldu\u011fundan operasyonlar\u0131n\u0131z\u0131 kolayla\u015ft\u0131rmak i\u00e7in harika bir ara\u00e7t\u0131r.<\/p>\n<p>G\u00f6zetimsiz kantar sistemimizin en \u00f6nemli \u00f6zelliklerinden biri, mevcut sistemlerinize kolayca entegre edilerek size kesintisiz bir i\u015f ak\u0131\u015f\u0131 sa\u011flamas\u0131d\u0131r. Sistem, \u00e7e\u015fitli cihaz ve yaz\u0131l\u0131mlara kolay ba\u011flant\u0131 sunarak s\u00fcre\u00e7lerinize entegrasyonu zahmetsiz hale getirir.<\/p>\n<p>\u201c<strong><a href=\"https:\/\/www.elitesistem.com\/index.php\/project\/operatorsuz-kantar-sistemi\">Operat\u00f6rs\u00fcz Kantar Sistemi<\/a><\/strong>\u201d Mevcutta kulland\u0131\u011f\u0131n\u0131z kantar sistemine entegre olarak \u00e7al\u0131\u015fan sistem sayesinde personel gereksinimi duymadan insan hatalar\u0131n\u0131n \u00f6n\u00fcne ge\u00e7erek&nbsp;<a href=\"https:\/\/www.elitesistem.com\/index.php\/project\/operatorsuz-kantar-sistemi\">yapay zeka<\/a>&nbsp;ile \u00e7al\u0131\u015fan bir kantar yaz\u0131l\u0131m\u0131d\u0131r.<\/p>\n<p>&nbsp;<\/p>\n<h2>Operat\u00f6rs\u00fcz Maliyeti Ne kadar ?<\/h2>\n<p>T\u00fcm <strong><a href=\"https:\/\/www.istanbulkantar.com\/\">kantar modeli<\/a><\/strong> ve markas\u0131na uyum sa\u011flamaktad\u0131r entegre edilecek olan NFC Kart, kamera, bariyer, \u0131\u015f\u0131kland\u0131rma gibi opsiyonlar ile ihtiya\u00e7lar\u0131n\u0131z do\u011frultusunda fiyat verilmektedir. daha detayl\u0131 fiyat ve ke\u015fif i\u00e7in bizimle ileti\u015fime ge\u00e7ebilirsiniz.<\/p>\n<p>&nbsp;<\/p>\n<div class=\"entry\">\n<h2><strong>Yapay Zeka ile Kontrol Cihazlar\u0131 Nelerdir ?<\/strong><\/h2>\n<p>Kamyon kantar\u0131 sisteminize a\u015fa\u011f\u0131daki \u00f6zelliklerden herhangi biri eklenebilir:<\/p>\n<ul>\n<li><strong>Kamera sistemleri:&nbsp;<\/strong>Yerinde bir ile kamera arac\u0131l\u0131\u011f\u0131 ile ticari olarak yasal tart\u0131mlar\u0131 ger\u00e7ekle\u015ftirmek i\u00e7in kullan\u0131labilir. Kamera sistemleri,&nbsp;<a href=\"https:\/\/www.elitesistem.com\/index.php\/project\/operatorsuz-kantar-sistemi\"><strong>ara\u00e7 ve t\u0131r kantar\u0131<\/strong><\/a>&nbsp;platform giri\u015f alan\u0131 boyunca izlenebilirli\u011fi i\u00e7in yapay zeka ile plaka bilgilerini tan\u0131mlar ve otomatik olarak sisteme ekleyerek&nbsp;<a href=\"https:\/\/www.elitesistem.com\/index.php\/project\/operatorsuz-kantar-sistemi\"><strong>otomatik kantar tart\u0131m\u0131<\/strong><\/a>&nbsp;yapman\u0131za olanak sa\u011flar.<\/li>\n<li><strong>Foto\u011fraf D\u00f6ng\u00fcleri ve ara\u00e7 alg\u0131lama:<\/strong>&nbsp;Foto\u011fraf sens\u00f6rleri, ile d\u00f6ng\u00fcleri ve di\u011fer teknolojiler, tart\u0131m s\u00fcre\u00e7lerini otomatikle\u015ftirmek ve kantar alan\u0131na giren ve \u00e7\u0131kan ara\u00e7 trafi\u011fi ak\u0131\u015f\u0131n\u0131 kontrol etmek i\u00e7in entegre edilebilir.<\/li>\n<li><strong>D\u0131\u015f KG G\u00f6stergesi:<\/strong>&nbsp;D\u0131\u015f kg g\u00f6stergesi ile, kantar a\u011f\u0131rl\u0131\u011f\u0131n\u0131 g\u00f6sterecek veya kantardaki ya da kantar sahas\u0131ndaki s\u00fcr\u00fcc\u00fclere talimat verecek \u015fekilde y\u00f6nlendirilebilir. Ara\u00e7lar\u0131n tart\u0131m i\u015flemi boyunca tart\u0131m operat\u00f6r\u00fc olsun ya da olmas\u0131n hareket etmesine yard\u0131mc\u0131 olmas\u0131na olanak sunar.<\/li>\n<li><strong>Trafik kontrol bariyeri:<\/strong>&nbsp;Bariyerler, kantardaki ara\u00e7\/kamyon trafi\u011fini kontrol etmek i\u00e7in ve ara\u00e7 alg\u0131lama cihazlar\u0131yla birlikte kullan\u0131labilir.<\/li>\n<li><strong>Yaz\u0131c\u0131:<\/strong>&nbsp;Tart\u0131m i\u015flemi s\u0131ras\u0131nda ara\u00e7 s\u00fcr\u00fcc\u00fcleri tart\u0131m fi\u015flerini otomatik olarak alabilir.<\/li>\n<\/ul>\n<h2>Ulusal D\u00fczeyde Ge\u00e7erlili\u011fe Sahiptir<\/h2>\n<p><strong><a href=\"https:\/\/www.elitesistem.com\/index.php\/project\/operatorsuz-kantar-sistemi\">Operat\u00f6rs\u00fcz ara\u00e7 tart\u0131m sistemleri<\/a><\/strong> ile tart\u0131m yap\u0131lan t\u00fcm i\u015flemler yasal s\u00fcre\u00e7ler de ge\u00e7erlidir.&nbsp;<\/p>\n<\/div>\n<p><strong><a href=\"https:\/\/www.elitesistem.com\/index.php\/project\/operatorsuz-kantar-sistemi\">Ak\u0131ll\u0131 Kantar Tart\u0131m Sistemleri<\/a><\/strong>&nbsp;ile Avantajlar\u0131 ile sizde kolayca sisteminiz entegre ederek kullanabilirisiniz.<\/p>\n<p><strong><a href=\"https:\/\/www.elitesistem.com\/\">Kantar<\/a>&nbsp;<\/strong>sistemleri art\u0131k \u00e7a\u011f\u0131m\u0131z\u0131n gereksinimi olarak ak\u0131ll\u0131 sistemler olmaya ba\u015flam\u0131\u015ft\u0131r.&nbsp;<strong><a href=\"https:\/\/www.elitesistem.com\/\">Ak\u0131ll\u0131 kantar otomasyon sistemleri<\/a>&nbsp;<\/strong>ile siz m\u00fc\u015fterilerimiz i\u00e7in daha kontroll\u00fc bir sisteme d\u00f6n\u00fc\u015ft\u00fcrebilmekteyiz.<\/p>\n<p><strong><a href=\"https:\/\/www.elitesistem.com\/index.php\/project\/operatorsuz-kantar-sistemi\">Plaka tan\u0131ma sistemi<\/a><\/strong>&nbsp;sayesinde&nbsp;<strong><a href=\"https:\/\/www.istanbulkantar.com\/\">operat\u00f6rs\u00fcz kantar<\/a><\/strong>&nbsp;ile hatas\u0131z tart\u0131mlar yapabilirsiniz, \u0130sterseniz sadece i\u015fletmenizde bulunan veya daima ayn\u0131 vas\u0131talar ile \u00e7al\u0131\u015f\u0131yorsan\u0131z araca tan\u0131mlanacak kart sistemi ile kart okutmak sureti ile bariyerin a\u00e7\u0131larak ve uyar\u0131c\u0131 trafik lambalar\u0131 ile vakit kaybetmeden kantar tart\u0131m personeline ihtiya\u00e7 duymadan vas\u0131talar\u0131n\u0131z\u0131 dolu ve bo\u015f olarak tart\u0131m\u0131n\u0131 yapabilecek, toplanan verilere an\u0131nda ve uzaktan eri\u015febilecek ve bu verileri muhasebele\u015ftirebileceksiniz.<\/p>\n<p>\u0130sterseniz de&nbsp;<strong><a href=\"https:\/\/www.elitesistem.com\/index.php\/project\/operatorsuz-kantar-sistemi\">plaka tan\u0131ma sistemleri<\/a><\/strong>&nbsp;ile sisteme tan\u0131tt\u0131\u011f\u0131n\u0131z ara\u00e7lar\u0131 otomatik olarak sistemin alg\u0131lamas\u0131yla bariyerler otomatik a\u00e7\u0131labilecek ve tart\u0131m kantar personeline ihtiya\u00e7 duymadan ger\u00e7ekle\u015febilecektir.<\/p>\n<p>&nbsp;<\/p>\n<ul>\n<li>T\u00fcm&nbsp;<strong><a href=\"https:\/\/www.elitesistem.com\/\">kantar<\/a><\/strong>&nbsp;\u00e7e\u015fitlerimizde kurulum s\u00fcresi sadece 5 saat s\u00fcrmektedir. Sekt\u00f6rlere g\u00f6re; in\u015faat, demir\/\u00e7elik, petrol istasyonlar\u0131, ziraat, geri d\u00f6n\u00fc\u015f\u00fcm, maden sahalar\u0131 ve \u00e7e\u015fitli stok sahalar\u0131nda, fabrika giri\u015flerinde, ham madde al\u0131m-sat\u0131m noktalar\u0131nda kullan\u0131l\u0131r.<\/li>\n<li>\u00dclkenin her yerine kurulum ve montaj i\u015flemlerini ger\u00e7ekle\u015ftirmekteyiz.<\/li>\n<li>T\u00fcm&nbsp;<strong><a href=\"https:\/\/www.istanbulkantar.com\/\">t\u0131r kantar\u0131<\/a><\/strong>&nbsp;modellerimizde 2 y\u0131l elektronik ve 5 y\u0131l mekanik garanti kapsam\u0131ndad\u0131r.<\/li>\n<li><strong><a href=\"https:\/\/www.elitesistem.com\/\">Ta\u015f\u0131t kantarlar\u0131<\/a><\/strong>nda uzunluk \u00f6l\u00e7\u00fclerine g\u00f6re 6 metreden 24 metreye kadar istenilen ebatta \u00fcretim yapabilme yetene\u011fine sahibiz.<\/li>\n<li>Kantarlar\u0131m\u0131zda, uzunluk \u00f6l\u00e7\u00fclerine g\u00f6re, 4 ile 14 adet aras\u0131nda her biri 30 ton kapasiteli OIML R60 standartlar\u0131nda C4 s\u0131n\u0131f\u0131 paslanmaz \u00e7elik y\u00fck h\u00fccreleri (loadcell) kullanmaktay\u0131z.<\/li>\n<\/ul>\n<p>&nbsp;<\/p>\n<p><a href=\"https:\/\/www.elitesistem.com\/wp-content\/uploads\/2024\/01\/Tir-Kantar.pdf\"><strong>T\u0131r Kantar\u0131<\/strong><\/a>&nbsp;Modelleri ve Katalog incelemek i\u00e7in t\u0131klay\u0131n\u0131z.<\/p>\n<\/div>\n<\/div>\n<\/div>\n<\/div>\n<\/div>\n<\/div>\n<\/div>\n<\/div>\n<\/div>\n<\/div>\n<\/div>\n","protected":false},"excerpt":{"rendered":"<p>Operat\u00f6rs\u00fcz T\u0131r Kantar\u0131 Sistemi<\/p>\n","protected":false},"author":1,"featured_media":0,"parent":0,"menu_order":0,"comment_status":"closed","ping_status":"closed","template":"","meta":{"ngg_post_thumbnail":0,"footnotes":""},"_links":{"self":[{"href":"https:\/\/www.istanbulkantar.com\/index.php\/wp-json\/wp\/v2\/pages\/1275"}],"collection":[{"href":"https:\/\/www.istanbulkantar.com\/index.php\/wp-json\/wp\/v2\/pages"}],"about":[{"href":"https:\/\/www.istanbulkantar.com\/index.php\/wp-json\/wp\/v2\/types\/page"}],"author":[{"embeddable":true,"href":"https:\/\/www.istanbulkantar.com\/index.php\/wp-json\/wp\/v2\/users\/1"}],"replies":[{"embeddable":true,"href":"https:\/\/www.istanbulkantar.com\/index.php\/wp-json\/wp\/v2\/comments?post=1275"}],"version-history":[{"count":5,"href":"https:\/\/www.istanbulkantar.com\/index.php\/wp-json\/wp\/v2\/pages\/1275\/revisions"}],"predecessor-version":[{"id":1557,"href":"https:\/\/www.istanbulkantar.com\/index.php\/wp-json\/wp\/v2\/pages\/1275\/revisions\/1557"}],"wp:attachment":[{"href":"https:\/\/www.istanbulkantar.com\/index.php\/wp-json\/wp\/v2\/media?parent=1275"}],"curies":[{"name":"wp","href":"https:\/\/api.w.org\/{rel}","templated":true}]}}